hat is the highest common factor of 87 and w?
29
Let h be (18/4)/(9/528). Suppose -148 = -4*k - 4*w, -4 = -w - 0. What is the greatest common factor of k and h?
33
Let j(z) = 2*z + 6 - z + 5 - 17. Let p be j(9). What is the highest common factor of 24 and p?
3
Suppose -3*r - 2*i = -315, -2*r - 15*i = -12*i - 210. Calculate the greatest common factor of 21 and r.
21
Let h(c) = c**2 - c + 45. Let q(w) = 3*w - 4*w + 2*w + 5 - 1. Let b be q(-4). Let j be h(b). What is the greatest common divisor of j and 15?
15
Let j be (34/(-4) + 1)*4. Let d be (-2)/(j/99)*5. Suppose -4*h + 88 = -5*s - 0*s, 2*s = 0. What is the greatest common factor of d and h?
11
Let j be (-4)/(-24) - (-11303)/6. What is the highest common factor of 12 and j?
12
Let k = 55 + -33. Suppose -49 = -10*p - 29. What is the highest common factor of k and p?
2
Let n(m) = -6*m + 6. Let b be n(-2). Let q = 83 - 47. What is the greatest common factor of b and q?
18
Let t(x) = -x**2 - 7*x - 1. Let p be t(-9). Let m = p - -34. Suppose 3*k + 4*d - 348 = 0, 5*k - 5*d = 342 + 273. Calculate the highest common factor of m and k.
15
Suppose -143 = -3*d - 5*g, d - 57 = 2*g - 6*g. Let q = d - 10. Calculate the greatest common divisor of q and 248.
31
Let j be (744/40 - 17)/(2/10). Suppose h - 5 = -1. What is the greatest common divisor of h and j?
4
Let h be (14/70*-10)/((-1)/91). Calculate the highest common factor of h and 286.
26
Let s = 286 - 39. What is the greatest common factor of 57 and s?
19
Suppose -33*g + 27*g = -30. Suppose -i + 3 + 16 = 2*s, 0 = 4*s - g*i - 3. What is the greatest common divisor of s and 49?
7
Let y be (((-28)/(-8))/(-7))/(1/54). Let x = -13 - y. What is the highest common divisor of 42 and x?
14
Let z(c) = -3*c**2 + 3. Let v be z(0). Let m be (-2)/14 + v/((-21)/(-673)). Suppose -3*n = -6*n + 36. Calculate the highest common factor of n and m.
12
Suppose 0 = -10*j - 187 - 83. Let l(m) = 58*m + 2. Let g be l(-4). Let q = j - g. What is the highest common divisor of 29 and q?
29
Let q = 118 + -165. Let r = q + 80. Let n be -1*2*(-22)/4. Calculate the greatest common divisor of r and n.
11
Suppose 0 = 3*c - 5*k - 31, 8*c + 2*k = 3*c. What is the greatest common factor of 16 and c?
2
Suppose 102 + 100 = -2*y. Let q = -72 - y. Suppose 81*z - 85*z + 126 = 5*o, 10 = 5*o. Calculate the highest common factor of z and q.
29
Let d be (432/(-30))/3*(4 + -24). Calculate the greatest common factor of 12 and d.
12
Suppose 6042*c - 6046*c = -240. What is the greatest common divisor of c and 510?
30
Suppose -5*c - 2 - 9 = 2*p, -3*c - 3 = 3*p. Suppose p*q + 4 = q. Let n be (32/12)/(q/(-66)). Calculate the highest common divisor of 4 and n.
4
Suppose -10*o + 5738 - 608 = 0. Calculate the highest common factor of o and 108.
27
Let b(f) be the third derivative of -f**4/24 + 7*f**3/3 + 2*f**2. Let h be b(0). What is the highest common divisor of h and 56?
14
Suppose -l + 5 = 0, 4*l = -3*v + l + 555. Calculate the greatest common factor of v and 324.
36
Let q be (28/6 + 0)*(49 - -56). What is the highest common factor of q and 20?
10
Suppose -4*y - 98 = -118. What is the highest common factor of y and 90?
5
Let o(h) = 2*h**2 - 12*h + 12. Let d be o(5). Suppose 0 = d*u + 5 + 5, 421 = 4*y - u. What is the highest common factor of y and 52?
52
Suppose o = 4*w - 3*o - 4, 9 = 3*w - o. Suppose 3 + w = a. Suppose 3*f = 37 - a. Calculate the highest common factor of f and 15.
5
Let y = 80 + -60. Calculate the greatest common divisor of 220 and y.
20
Suppose 0 = -5*t + 3*w + 94, 0 = 3*t - 0*t - 5*w - 66. Calculate the highest common divisor of t and 119.
17
Let v(d) = -d - 2. Let z be v(-5). Suppose 4*u = -4, -2*u = -4*l + z*u + 901. Calculate the highest common factor of 28 and l.
28
Suppose -2*b - 84 = -4*v, -3*v - 3*b + 142 - 70 = 0. Calculate the highest common divisor of v and 110.
22
Let v(l) = -3*l - 31. Let b be v(-15). What is the highest common factor of 126 and b?
14
Suppose -5*b + f + 70 = -261, -2*f = -4*b + 266. What is the highest common divisor of b and 231?
33
Let c(q) = -13*q + 11. Let k be c(-11). Let u = k - 46. Calculate the highest common factor of 12 and u.
12
Suppose -5*h + 3*h = -4*q + 16, -3*q + 12 = -3*h. Suppose 0 = -2*m + g - 0*g + 96, -4*m + 3*g + 192 = h. Calculate the highest common factor of 32 and m.
16
Let b = -325 - -367. What is the highest common divisor of 156 and b?
6
Suppose -4*d + 80 = -2*f, -18*d - f = -19*d + 19. Calculate the greatest common factor of d and 189.
21
Suppose 5*z + 24 = z. Let s be z/18 + 1227/9. What is the greatest common divisor of 17 and s?
17
Suppose -6*o + 320 = -2*o. Let c = -1639 - -1649. What is the highest common factor of c and o?
10
Let p be -1 - 1 - 1 - 3*-1. Suppose 0*n + 44 = 2*n + 5*a, 4*n + 5*a - 68 = p. What is the greatest common factor of n and 48?
12
Let r = -376 - -630. Let z = 282 - -202. Suppose y + r + 222 = 5*l, 5*l - z = -y. What is the greatest common factor of l and 24?
24
Let v = 10 - -30. Let l be ((-9)/(-15))/(2/v). Calculate the greatest common divisor of l and 4.
4
Suppose 0 = -q - q - 108. Let z(b) = b**3 + 8*b**2 + 5*b + 2. Let d be z(-7). Let k = d - q. What is the highest common factor of 28 and k?
14
Let s be (-2 - (-51 - -2))/1. Let z be s/5 + 2/(-5). What is the highest common factor of 3 and z?
3
Let u(r) = 47*r**2 + 77*r - 76. Let k be u(1). What is the greatest common divisor of k and 20?
4
Suppose 3*l - 2*a = 40, -4*l - 5*a + 11 + 4 = 0. Let g = 83 + -13. Calculate the greatest common factor of g and l.
10
Let a be (2/(-5))/(5 - (-2553)/(-510)). Calculate the greatest common divisor of a and 544.
68
Let z(l) be the second derivative of -l**4/12 - 7*l**3/3 - 9*l**2 - 5*l. Let j be z(-12). What is the highest common divisor of 9 and j?
3
Let w(r) = 3*r**2 - 2*r - 2. Let l be w(2). Suppose 0 = 16*g - 3*g - 624. Calculate the greatest common factor of l and g.
6
Let w be ((-4)/(-6))/(20/(-930)). Let h = -28 - w. Suppose -b = 3*b + s - 5, -5*b + 4 = 2*s. Calculate the highest common factor of b and h.
1
Let c be (-296 - 0)*(-217)/124. What is the highest common divisor of c and 14?
14
Let u be -3 - (9/(-3))/3. Let r(w) = -11*w - 14 + 12 + 2*w. Let b be r(u). Calculate the greatest common divisor of 176 and b.
16
Let r be 124*4/24*(-3 - 0). Let k = 33 - r. Calculate the highest common factor of 19 and k.
19
Let g = 1180 - 172. Suppose -5*b = -17*b + g. What is the highest common factor of 12 and b?
12
Let f = 42 + -24. Let p be (-11)/(-3) - (-6)/f. Suppose q - p*d = 25, 0*q + 3*d + 35 = 4*q. What is the greatest common divisor of q and 40?
5
Suppose -106*t = -101*t, -3*t - 3875 = -5*j. What is the greatest common factor of j and 62?
31
Let i = 14 + -12. Suppose i*c = 5 + 3. Let g be ((-24)/(-32))/(1/c). What is the highest common divisor of 27 and g?
3
Let x(p) = -p + 29. Let i be x(25). Suppose -54 = -i*j + 4*y + 6, 6 = -3*y. What is the greatest common divisor of j and 65?
13
Suppose 2*j - 2*u = 700, -5*u - 1410 = -4*j - 12. What is the greatest common divisor of 44 and j?
44
Suppose v = 5*l - 60, 0*v - 5 = -v. Let n = -27 + 35. Let j be (52/n)/(1/14). What is the greatest common divisor of l and j?
13
Suppose -44 - 34 = -2*d + 2*z, 0 = 2*z + 8. Let f be (d - 3)*(-12)/(-16). Let u be ((-30)/(-25))/((-2)/(-20)). Calculate the greatest common divisor of u and f.
12
Suppose 2*y + 3*y - 46 = s, -5*s - 5*y = 80. Let g = -20 - s. Let t = 13 - g. What is the greatest common divisor of 12 and t?
12
Let z = 594 + -513. Calculate the highest common factor of 72 and z.
9
Let m be 158/8 - (-3)/12. Let i be 7 + (210 - -3)*1. What is the greatest common divisor of i and m?
20
Let g be 1*((-1 - 3) + 3). Let p be (-4)/(-2) + 1 + g. Let d be (-5)/(28/(-12) + p). Calculate the highest common factor of 135 and d.
15
Let k = 250 + -154. Suppose -2*m + 4*h + 36 = 0, h = 5*m - 2*h - 69. What is the highest common divisor of m and k?
12
Let c(d) be the third derivative of -d**5/60 - 2*d**4/3 - 17*d**3/6 + d**2. Let q = 97 - 111. Let m be c(q). What is the greatest common divisor of 55 and m?
11
Let t = -10 - -10. Suppose t = g - 5. Let v(r) = r**3 - r**2 + r + 20. Let u be v(0). Calculate the highest common factor of g and u.
5
Suppose -48 = -4*t - 26*k + 22*k, t - 36 = 5*k. What is the highest common factor of t and 5